Calculate the remainder when 4410577 is divided by 11.
6
What is the remainder when 4127547 is divided by 179?
165
What is the remainder when 8848870 is divided by 1215?
25
Calculate the remainder when 86236 is divided by 4036.
1480
What is the remainder when 55968 is divided by 53885?
2083
Calculate the remainder when 3074311 is divided by 97.
90
What is the remainder when 12852 is divided by 2499?
357
What is the remainder when 11477235 is divided by 45726?
9
Calculate the remainder when 3246430 is divided by 4435.
10
What is the remainder when 66722 is divided by 6668?
42
Calculate the remainder when 184048 is divided by 920.
48
What is the remainder when 2327165 is divided by 75?
65
What is the remainder when 232539 is divided by 1784?
619
Calculate the remainder when 124942 is divided by 2193.
2134
What is the remainder when 60594 is divided by 81?
6
Calculate the remainder when 241242 is divided by 26790.
132
Calculate the remainder when 287198 is divided by 15951.
80
Calculate the remainder when 50678 is divided by 6319.
126
Calculate the remainder when 21611 is divided by 1020.
191
Calculate the remainder when 392468 is divided by 43566.
374
Calculate the remainder when 1312006 is divided by 780.
46
What is the remainder when 499330 is divided by 296?
274
What is the remainder when 130555193 is divided by 24?
17
What is the remainder when 170129 is divided by 1384?
1281
What is the remainder when 31831179 is divided by 36799?
44
Calculate the remainder when 2980654 is divided by 6046.
6022
Calculate the remainder when 487580923 is divided by 2669.
2665
Calculate the remainder when 38765954 is divided by 969148.
34
What is the remainder when 6284541 is divided by 4?
1
What is the remainder when 128769 is divided by 7704?
5505
What is the remainder when 278471579 is divided by 23?
22
What is the remainder when 409114 is divided by 9978?
16
What is the remainder when 10979886 is divided by 10?
6
What is the remainder when 564975 is divided by 174?
171
What is the remainder when 10379720 is divided by 313?
14
Calculate the remainder when 12255748 is divided by 9.
7
Calculate the remainder when 364987 is divided by 1228.
271
Calculate the remainder when 9177643 is divided by 67.
50
Calculate the remainder when 1854638 is divided by 618209.
11
What is the remainder when 2543354 is divided by 1908?
1898
What is the remainder when 30136720 is divided by 57294?
76
What is the remainder when 1124160 is divided by 374618?
306
What is the remainder when 26327010 is divided by 12005?
45
What is the remainder when 107811 is divided by 325?
236
Calculate the remainder when 302444 is divided by 192.
44
What is the remainder when 394054 is divided by 26253?
259
Calculate the remainder when 39926 is divided by 9926.
222
Calculate the remainder when 149300846 is divided by 1051.
1041
Calculate the remainder when 297261 is divided by 17473.
220
What is the remainder when 93154886 is divided by 31051615?
41
What is the remainder when 363155 is divided by 236?
187
What is the remainder when 22736918 is divided by 67?
66
Calculate the remainder when 79532962 is divided by 36.
34
Calculate the remainder when 67072 is divided by 895.
842
What is the remainder when 27785394 is divided by 55?
54
Calculate the remainder when 81541 is divided by 5429.
106
What is the remainder when 327548 is divided by 1337?
1320
Calculate the remainder when 175888184 is divided by 1026.
1004
What is the remainder when 8766768 is divided by 2547?
2541
What is the remainder when 123874 is divided by 5890?
184
What is the remainder when 23128 is divided by 272?
8
What is the remainder when 3547702 is divided by 325?
2
Calculate the remainder when 10645502 is divided by 233.
198
What is the remainder when 61610 is divided by 4317?
1172
Calculate the remainder when 156111 is divided by 903.
795
What is the remainder when 1911209 is divided by 1347?
1163
Calculate the remainder when 2424579 is divided by 2245.
2224
What is the remainder when 470880 is divided by 170?
150
Calculate the remainder when 5625433 is divided by 55697.
36
Calculate the remainder when 43311089 is divided by 5413884.
17
Calculate the remainder when 40679 is divided by 13530.
89
What is the remainder when 51001357 is divided by 10200268?
17
Calculate the remainder when 162056 is divided by 16196.
96
What is the remainder when 5080031 is divided by 2685?
11
Calculate the remainder when 96791 is divided by 8132.
7339
What is the remainder when 672519 is divided by 470?
419
What is the remainder when 71668673 is divided by 1162?
1161
Calculate the remainder when 488877 is divided by 2092.
1441
Calculate the remainder when 2262 is divided by 319.
29
Calculate the remainder when 37544 is divided by 3993.
1607
What is the remainder when 4082971 is divided by 4567?
73
What is the remainder when 33386246 is divided by 247?
244
Calculate the remainder when 1785344 is divided by 594983.
395
What is the remainder when 209149 is divided by 1936?
61
What is the remainder when 12225242 is divided by 1267?
1226
Calculate the remainder when 2024203 is divided by 30.
13
What is the remainder when 11423942 is divided by 32?
6
Calculate the remainder when 8200886 is divided by 704.
694
Calculate the remainder when 2468334 is divided by 971.
52
What is the remainder when 325688990 is divided by 84?
74
Calculate the remainder when 864997 is divided by 57659.
112
What is the remainder when 26132631 is divided by 103?
89
What is the remainder when 16315909 is divided by 471?
469
What is the remainder when 4894 is divided by 25?
19
Calculate the remainder when 5238866 is divided by 494.
490
Calculate the remainder when 726528 is divided by 55864.
296
What is the remainder when 106535 is divided by 10646?
75
What is the remainder when 1949845 is divided by 974902?
41
Calculate the remainder when 33177635 is divided by 598.
595
Calculate the remainder when 1250669 is divided by 1489.
1398
Calculate the remainder when 7864503 is divided by 3978.
3975
Calculate the remainder when 14492 is divided by 12935.
1557
What is the remainder when 1265185 is divided by 17?
11
What is the remainder when 29328472 is divided by 29328420?
52
What is the remainder when 98649 is divided by 19446?
1419
What is the remainder when 114064 is divided by 28516?
0
Calculate the remainder when 2943213 is divided by 80.
13
What is the remainder when 1853101 is divided by 2229?
802
What is the remainder when 7872838 is divided by 360?
358
What is the remainder when 1470108 is divided by 1576?
1276
What is the remainder when 12659625 is divided by 25?
0
Calculate the remainder when 5928341 is divided by 19.
18
Calculate the remainder when 8729835 is divided by 8567.
62
What is the remainder when 545952 is divided by 68243?
8
What is the remainder when 210221 is divided by 133?
81
Calculate the remainder when 17808423 is divided by 21353.
21
Calculate the remainder when 5808911 is divided by 386.
383
What is the remainder when 3732835 is divided by 70428?
151
Calculate the remainder when 406827 is divided by 67798.
39
What is the remainder when 252603 is divided by 126179?
245
Calculate the remainder when 18077 is divided by 6018.
23
What is the remainder when 312555 is divided by 1646?
1461
Calculate the remainder when 1273595439 is divided by 7333.
7332
Calculate the remainder when 932059 is divided by 1772.
1759
What is the remainder when 20363 is divided by 814?
13
Calculate the remainder when 28244232 is divided by 339.
108
Calculate the remainder when 108441763 is divided by 1006.
999
What is the remainder when 62689745 is divided by 14654?
14587
Calculate the remainder when 22653591 is divided by 7687.
2
Calculate the remainder when 16634550 is divided by 39.
36
Calculate the remainder when 202899175 is divided by 2.
1
Calculate the remainder when 27342942 is divided by 315.
312
What is the remainder when 6162069 is divided by 675?
669
What is the remainder when 45505 is divided by 22542?
421
What is the remainder when 1689457 is divided by 456?
433
Calculate the remainder when 6277251 is divided by 20924.
51
Calculate the remainder when 264344 is divided by 22028.
8
Calculate the remainder when 341628 is divided by 438.
426
Calculate the remainder when 16